e
Let o(h) = h**2 + 16*h - 148. Is o(25) a composite number?
False
Suppose 1781*x - 1784*x + 8805 = 0. Is x a prime number?
False
Let v be (-362)/(-7) - 32/(-112). Let r = 83 - v. Is r a prime number?
True
Let t be 14/(-4)*(-22)/1. Let y be (-5 - t)/(2/(-9)). Let c = y + -112. Is c a prime number?
True
Let l = 10 - 5. Suppose -2556 = -2*y - 4*y. Suppose l*j - 19 = y. Is j a prime number?
True
Suppose 3*t - 4*v - 2 = 0, 3*t - 5 = v - 0. Suppose t*w = 6*w - 16. Suppose 2*g + 2*o = -o + 163, -3*g = -w*o - 219. Is g prime?
False
Suppose -5*r - 90 = 345. Suppose -162 = 3*g - 8*n + 11*n, 3*n = -6. Let j = g - r. Is j a prime number?
False
Let l(n) = 2*n**3 - 2*n**2 - 2*n - 1. Let z be l(-1). Is (-2)/3 - (26995/z)/5 prime?
False
Let j(v) = 1438*v**2 - 73*v - 208. Is j(-3) a composite number?
False
Suppose -14*c = -150267 - 57451. Is c a composite number?
True
Suppose a - 5 = 0, 2*a - 6*a + 15 = -q. Suppose -1550 = -q*z + 3*t, 3*t - 198 - 94 = -z. Is z a prime number?
True
Let r = 1457 - 1018. Is r composite?
False
Let k(b) = 8*b**3 + 5*b**2 - 5. Let m be (-38)/(-12) - (-14)/(-84) - -1. Is k(m) composite?
False
Let b = 138 - -261. Suppose -3*v - b - 216 = -3*o, 4*o - v - 814 = 0. Is o prime?
False
Suppose 61*d - 60*d = 0. Suppose 4*p = -d*p + 2084. Is p prime?
True
Let z = -63 - -87. Is z/(-84) - 1045/(-7) prime?
True
Suppose 0 = 3*b - 2*b + 216. Let k be (29/(-3))/(1/(-21)). Let j = k - b. Is j a prime number?
True
Let d be 1/4 + (-975)/(-52). Let h = 354 + d. Is h a prime number?
True
Let f = -69 - -367. Suppose 5*n - f = -63. Is n prime?
True
Suppose 5*x = -2*i + 47, 4*x - 56 - 4 = 4*i. Let r(z) = z**2 + 1. Let j(s) = s**3 - 8*s**2 + 10. Let f(t) = j(t) - 3*r(t). Is f(x) a prime number?
True
Let t = 139 - 48. Let r = 218 - t. Is r a composite number?
False
Let a(d) = 20*d**2 - 46*d + 35. Is a(-19) prime?
False
Let g = 139310 - -13409. Is g a prime number?
False
Is 19060/15*(-48)/(-64) a prime number?
True
Suppose 2*c + 3*q - 6060 = 5069, 2*c = 3*q + 11099. Is c composite?
False
Let v(a) = 1 + 3*a**2 + a**3 + 1 + 0. Let b be v(-3). Suppose 4*p - 75 = -3*r + 14, -b*p = r - 47. Is p prime?
False
Suppose -24 = -2*j + 4*l, -16 = 2*j + 2*l + 2*l. Is 2526/4*1*j prime?
False
Let h be 11 + -10 - (1 + -556). Suppose 2*u - f - 238 = -9, -3*f + h = 5*u. Is u composite?
False
Let b(w) = 35*w + 3. Let s be b(4). Suppose d - s - 558 = 4*y, 2*d - 5*y = 1408. Is d composite?
False
Let o(h) = -h**3 - 2*h**2 + h - 1. Let s be o(-2). Is s + 0 - (-2 - 150) a prime number?
True
Let r be (8/(-14))/((-10)/35). Suppose -327 = -r*d + 3*n, 3*d = 2*d - n + 176. Suppose 4*q = d - 47. Is q prime?
True
Let g be ((-36)/(-16))/(4/(-2608)). Let q be (1/(-3))/(3/g). Suppose 3*i = 6, -q + 31 = -2*y + i. Is y a composite number?
False
Let i(p) = -2*p**2 - 2*p + 1. Let d be i(-2). Is 1/(d/(-6))*502/4 a composite number?
False
Suppose 7 = -2*m - 9. Is (-998)/(-4)*(m + 10) a prime number?
True
Suppose -w + 0*k - 589 = -5*k, 5*w - k + 2969 = 0. Let h = -664 + w. Is (-4)/12*-3 - h a composite number?
False
Let h(n) = n**2 + 738. Let s be h(0). Let k = -525 + s. Suppose -k - 62 = -5*t. Is t composite?
True
Suppose 2*u - 9150 = 3*s, u - 4*s - 1966 = 2619. Is u prime?
False
Let r(p) = -3*p**3 + p**2 - 5*p + 38. Is r(-7) prime?
True
Let k(t) = 7*t - 4. Let h be k(-2). Is h/42 + 3902/7 prime?
True
Let s = 30 + -30. Suppose -2*c + 6*c - 84 = s. Is c prime?
False
Suppose -340851 = -4*z - k, -13*k - 255642 = -3*z - 10*k. Is z a prime number?
True
Suppose 6*g - 49 + 31 = 0. Let o be (-4)/(-10) - (-5436)/10. Is (o - -2)/3 + g a prime number?
False
Let j = 20612 - 10023. Is j a composite number?
False
Let c be 2 + (3 - (1 + 0)). Is (1/c)/((-10)/(-1480)) a prime number?
True
Let u = 5976 + -1436. Suppose 26493 - u = 5*z - c, -17558 = -4*z + 3*c. Is z a prime number?
True
Let h(z) = 38*z + 3. Let k be h(11). Let w = 2412 + k. Is w prime?
True
Let c(n) = -n**3 + 10*n - 3. Let l be c(-5). Let u = l + -49. Is u composite?
False
Let k be (-17)/(-17)*3/1. Let i = 3 - k. Suppose i - 13 = -q. Is q prime?
True
Let o be ((-8)/16)/((-1)/(-12)). Is (-1466)/(-12) + o/36 prime?
False
Suppose 2*a = -y + 5*y + 6, 3*a + 11 = y. Is (-45)/(-18)*(-526)/a prime?
True
Let v(n) = 203*n**2 - 33*n - 19. Is v(-7) prime?
True
Let w = 220 - 33. Let z = w - 10. Is z a prime number?
False
Suppose -2*q = h + 270 - 99, -2*q = -2*h + 162. Is ((-3)/6)/(7/q) a composite number?
True
Suppose 0 = 6*f - 39332 + 4442. Suppose f = c + 2144. Is c prime?
True
Suppose -54*x = 7*x - 1914119. Is x a composite number?
False
Let t = 4 - 9. Let s(h) = -2*h**3 + 31*h**2 - 26*h - 15. Let b(p) = 3*p**3 - 46*p**2 + 39*p + 22. Let j(v) = t*b(v) - 7*s(v). Is j(11) prime?
False
Let h = 63 - 59. Suppose -4292 = -4*u + 2*m - h*m, -5*u + 5*m = -5365. Is u a prime number?
False
Let r = -2018 + 46277. Is r a prime number?
False
Suppose -3*b - 62463 = -5*w + 56318, -71271 = -3*w + 3*b. Is w a prime number?
False
Suppose 3*v + 2 - 8 = 0. Let b(d) = d**v + 3*d + 112*d**3 - 5 - d**2 - 108*d**3. Is b(4) composite?
False
Let r(c) = -283*c - 1. Let w be r(3). Let a be (-4)/1*-1 - w. Suppose -4 = s, -3*s + 235 = 3*g - a. Is g a prime number?
True
Let a(d) = 2*d**2 + 3*d + 34*d**3 - 54*d**3 + 39*d**3 - 3 - 2. Is a(2) a composite number?
True
Let w(f) = -f**3 + f**2 + 127. Let q(b) = -b**3 + b**2 + 3*b - 2. Let u(x) = -x + 7. Let m be u(5). Let l be q(m). Is w(l) a prime number?
True
Suppose -10*f + 8*f - 32715 = -3*h, 4*h - 43627 = 5*f. Is h a prime number?
True
Suppose 21 = -4*b - 4*l + 1, 2*l + 13 = -3*b. Let f be (2 + -4)*3 - b. Is 2/f*(-1122)/4 a prime number?
False
Suppose 4*g - 2*l - 8984 = -6*l, 5*g + 4*l = 11233. Is g prime?
False
Let z(m) = 1064*m + 5. Let s(c) = -2*c - 35. Let b be s(-18). Is z(b) a composite number?
False
Let b(o) = 425*o + 849. Is b(16) prime?
True
Let v(a) = -a**3 - 9*a**2 + 7*a + 25. Let y be ((-27)/3 - -2)*2. Is v(y) prime?
True
Let l = 322 - 1246. Let q = -545 - l. Is q prime?
True
Suppose -8*l = -3*u - 3*l - 16, -25 = -5*u - 2*l. Suppose 0 = -u*j + j + 586. Is j a prime number?
True
Let u(w) = 257*w - 6. Suppose 0 = i + 3*i + 4. Let h(y) = -y + 1. Let p(a) = i*u(a) - 6*h(a). Is p(-1) prime?
True
Suppose 0 = 2*v + 18 - 218. Suppose 0 = -5*k - 3*d + v, 3*k + 3*d - 60 = -d. Suppose -k + 9 = -r. Is r composite?
False
Let r(d) = -d - 3. Let w be r(-4). Is 36/1*w - 3 - -2 prime?
False
Is (3429155/170)/(2/4) prime?
True
Is 9483 + 19/(95/30) a prime number?
False
Let a = -1 + 4. Suppose b = 14 - a. Suppose -z = -b - 8. Is z a composite number?
False
Suppose 3*d = 248 - 53. Suppose 0 = w - 1716 - d. Is w prime?
False
Let j(h) be the second derivative of -h**4/12 - h**3 - h**2/2 - 5*h. Let m be j(-5). Is 331/m + (-39)/52 prime?
False
Let u be (-11 + -659)/(6/(-3) - 0). Suppose -2*x - 2*p + 1577 - u = 0, 2*x = 3*p + 1252. Is x prime?
False
Let c = -28 - -46. Let j be c/8 - (-4)/(-16). Is ((4 - j) + -3)*-203 prime?
False
Let s be ((-2)/4)/((-5)/(-1310)). Is (-10 - (-15)/5)*s a composite number?
True
Let g(j) = -4*j**2 + 19 + j**2 + 4*j**2 + 3*j. Let p be g(-13). Is (-2)/(-4)*2*p a prime number?
True
Suppose 0 = -3*y + 3*u + 10458, 2*y - u = -6*u + 7007. Is y a prime number?
True
Let i = 1260 - 460. Suppose -3*c + 4*o = -1199, 2*c + 0*o = 3*o + i. Is c a composite number?
False
Let o(s) = s**3 + 42*s**2 + 15*s + 131. Is o(-28) prime?
True
Let w = -4647 + 8860. Is w a prime number?
False
Let d(a) = 157*a**2 + 47*a + 3. Is d(8) a composite number?
False
Let a(n) = -4 - n + 2 + 13*n. Let x be a(7). Let o = x + -35. Is o composite?
False
Let i(k) = -2*k + 18. Let x be i(6). Suppose 0*o - 12 = -x*o. Suppose -o*m = -0*m - 1246. Is m prime?
False
Suppose -y + 242 = s - 77, 0 = -2*y. Is s composite?
True
Suppose -3*l + 17 = 5. Let d = -13 + 5. Is (-156)/d*l/6 composite?
False
Suppose -k + 79002 = k + 4*a, 5*k - 197491 = 4*a. Is k a prime number?
True
Is -29*(16/72 - (-202)/(-18)) prime?
False
Let p(f) = 5970*f**2 - 13*f - 13. Is p(-2) a composite number?
False
Suppose -4*g = 2*m - 20, -3*m = m + 3*g - 20. Let k(a) = 310*a**3 + 4*a**2 - 2*a - 1. Let v be k(m). Let c = -1214 + v. Is c a composite number?
False
Let n(z) = 129*z + 17. Suppose 2*g + 3 = -x + 17, 4*g = 2*x + 36. Is n(g) prime?
True
Let p(m) = 2128*m + 24. Let b be p(-7). Let d = b + 22481. 